y 84?
31
Calculate the remainder when 6495 is divided by 48.
15
Calculate the remainder when 19788 is divided by 7.
6
Calculate the remainder when 40897 is divided by 50.
47
What is the remainder when 2939 is divided by 47?
25
Calculate the remainder when 19480 is divided by 33.
10
What is the remainder when 8649 is divided by 6065?
2584
What is the remainder when 20335 is divided by 1200?
1135
What is the remainder when 61836 is divided by 24?
12
Calculate the remainder when 64636 is divided by 16157.
8
What is the remainder when 3509 is divided by 829?
193
Calculate the remainder when 43569 is divided by 62.
45
What is the remainder when 1385306 is divided by 4?
2
Calculate the remainder when 73095 is divided by 24352.
39
What is the remainder when 59505 is divided by 527?
481
What is the remainder when 26300 is divided by 12?
8
Calculate the remainder when 1063 is divided by 523.
17
What is the remainder when 27058 is divided by 13?
5
What is the remainder when 56351 is divided by 66?
53
What is the remainder when 23324 is divided by 10?
4
What is the remainder when 10808 is divided by 183?
11
Calculate the remainder when 6869 is divided by 271.
94
What is the remainder when 32747 is divided by 25?
22
Calculate the remainder when 374 is divided by 73.
9
What is the remainder when 11322 is divided by 47?
42
What is the remainder when 1723709 is divided by 104?
13
Calculate the remainder when 190231 is divided by 11889.
7
Calculate the remainder when 1532 is divided by 470.
122
What is the remainder when 362469 is divided by 895?
889
Calculate the remainder when 2561 is divided by 24.
17
What is the remainder when 21895 is divided by 378?
349
Calculate the remainder when 955343 is divided by 312.
311
What is the remainder when 127934 is divided by 343?
338
What is the remainder when 177511 is divided by 12?
7
Calculate the remainder when 9390 is divided by 48.
30
Calculate the remainder when 34678 is divided by 667.
661
What is the remainder when 707 is divided by 58?
11
Calculate the remainder when 9233 is divided by 1795.
258
Calculate the remainder when 3612 is divided by 296.
60
Calculate the remainder when 68340 is divided by 109.
106
Calculate the remainder when 3533 is divided by 238.
201
What is the remainder when 486717 is divided by 60?
57
Calculate the remainder when 1519134 is divided by 156.
6
Calculate the remainder when 557 is divided by 168.
53
Calculate the remainder when 9257 is divided by 1541.
11
What is the remainder when 14579 is divided by 317?
314
Calculate the remainder when 486561 is divided by 11.
9
What is the remainder when 28254 is divided by 57?
39
Calculate the remainder when 562594 is divided by 284.
274
What is the remainder when 12190 is divided by 1522?
14
Calculate the remainder when 9403 is divided by 1172.
27
Calculate the remainder when 245575 is divided by 6296.
31
What is the remainder when 102477 is divided by 24?
21
What is the remainder when 841882 is divided by 14269?
11
Calculate the remainder when 4151 is divided by 14.
7
What is the remainder when 3038 is divided by 115?
48
What is the remainder when 217302 is divided by 12?
6
What is the remainder when 457231 is divided by 1256?
47
What is the remainder when 2195 is divided by 244?
243
What is the remainder when 16612 is divided by 639?
637
What is the remainder when 57588 is divided by 1692?
60
What is the remainder when 12932 is divided by 29?
27
What is the remainder when 981622 is divided by 56?
54
What is the remainder when 3203 is divided by 250?
203
What is the remainder when 727 is divided by 129?
82
Calculate the remainder when 4771 is divided by 949.
26
Calculate the remainder when 1533 is divided by 20.
13
Calculate the remainder when 312357 is divided by 380.
377
What is the remainder when 10553 is divided by 11?
4
Calculate the remainder when 965 is divided by 18.
11
Calculate the remainder when 377769 is divided by 334.
15
Calculate the remainder when 40605 is divided by 40599.
6
What is the remainder when 679189 is divided by 2163?
7
What is the remainder when 153899 is divided by 9?
8
What is the remainder when 10971 is divided by 92?
23
What is the remainder when 770 is divided by 198?
176
What is the remainder when 21981 is divided by 5465?
121
What is the remainder when 34970 is divided by 1400?
1370
What is the remainder when 170145 is divided by 42533?
13
What is the remainder when 87817 is divided by 306?
301
What is the remainder when 28741 is divided by 85?
11
What is the remainder when 14396 is divided by 14386?
10
What is the remainder when 63091 is divided by 72?
19
What is the remainder when 20871 is divided by 142?
139
Calculate the remainder when 22203 is divided by 347.
342
What is the remainder when 53206 is divided by 675?
556
What is the remainder when 47918 is divided by 1916?
18
What is the remainder when 20904 is divided by 15?
9
Calculate the remainder when 3194 is divided by 91.
9
What is the remainder when 30446 is divided by 290?
286
Calculate the remainder when 18048 is divided by 136.
96
Calculate the remainder when 171746 is divided by 2961.
8
Calculate the remainder when 4830 is divided by 39.
33
What is the remainder when 1685 is divided by 48?
5
What is the remainder when 9956 is divided by 261?
38
Calculate the remainder when 41847 is divided by 310.
307
Calculate the remainder when 4277 is divided by 1382.
131
What is the remainder when 47170 is divided by 70?
60
Calculate the remainder when 28010 is divided by 308.
290
Calculate the remainder when 106127 is divided by 643.
32
Calculate the remainder when 38865 is divided by 828.
777
Calculate the remainder when 826242 is divided by 23.
13
What is the remainder when 839771 is divided by 1304?
1299
What is the remainder when 1158295 is divided by 13?
8
Calculate the remainder when 12231 is divided by 4077.
0
Calculate the remainder when 4612 is divided by 328.
20
What is the remainder when 42106 is divided by 17?
14
Calculate the remainder when 109851 is divided by 109788.
63
Calculate the remainder when 105140 is divided by 5003.
77
Calculate the remainder when 134420 is divided by 26.
0
What is the remainder when 14012 is divided by 4461?
629
Calculate the remainder when 6383 is divided by 6380.
3
What is the remainder when 114950 is divided by 58?
52
Calculate the remainder when 15128 is divided by 2491.
182
Calculate the remainder when 19973 is divided by 606.
581
What is the remainder when 2580 is divided by 348?
144
Calculate the remainder when 230046 is divided by 41.
36
What is the remainder when 6951 is divided by 2317?
0
Calculate the remainder when 107579 is divided by 24.
11
Calculate the remainder when 4338 is divided by 58.
46
Calculate the remainder when 33290 is divided by 6658.
0
Calculate the remainder when 2441 is divided by 216.
65
What is the remainder when 6235 is divided by 374?
251
Calculate the remainder when 207581 is divided by 10.
1
Calculate the remainder when 14585 is divided by 634.
3
What is the remainder when 2049 is divided by 272?
145
What is the remainder when 1426 is divided by 445?
91
Calculate the remainder when 214249 is divided by 214229.
20
Calculate the remainder when 14153 is divided by 442.
9
Calculate the remainder when 9221 is divided by 1841.
16
What is the remainder when 157620 is divided by 244?
240
Calculate the remainder when 3531 is divided by 16.
11
Calculate the remainder when 1091 is divided by 28.
27
What is the remainder when 110504 is divided by 654?
632
Calculate the remainder when 36171 is divided by 41.
9
What is the remainder when 879 is divided by 139?
45
Calculate the remainder when 248438 is divided by 35491.
1
Calculate the remainder when 74013 is divided by 131.
129
Calculate the remainder when 14732 is divided by 7.
4
Calculate the remainder when 9915 is divided by 62.
57
Calculate the remainder when 1352068 is divided by 1.
0
What is the remainder when 1901 is divided by 581?
158
Calculate the remainder when 4490 is divided by 501.
482
What is the remainder when 6332 is divided by 35?
32
What is the remainder when 873738 is divided by 79?
77
What is the remainder when 6360 is divided by 3111?
138
Calculate the remainder when 149065 is divided by 73.
72
What is the remainde